 u?
13
Suppose -4*h + 55 = w + 3, -3*h + w + 32 = 0. Suppose -3*u + 30 = -h. Let c be (-124)/(-3) - (-8)/12. Calculate the greatest common factor of u and c.
14
Let j be (-1)/5 + 1624/20. Let x(m) = -4*m**2 + 2*m**2 + 3*m + 9*m**3 + m**2 - 2. Let k be x(1). What is the greatest common divisor of j and k?
9
Let t be ((3 + -1)/2)/(-1). Let q = 19 - t. What is the highest common factor of 80 and q?
20
Suppose -2*j - 397 = -7*j + 3*t, 3*j - 5*t - 235 = 0. Suppose -25*o + 20*o + j = 0. What is the greatest common factor of o and 16?
16
Let n(s) = 9*s. Let c be n(10). Suppose 5*b + 3*w = w + c, -3*w = 2*b - 36. Suppose -5 - 5 = -5*k. Calculate the greatest common divisor of b and k.
2
Let r be (-4)/(2*2/(-32)). Suppose 2*q + 191 = -3*w + 1061, -5*w = -q - 1437. Calculate the highest common divisor of r and w.
32
Let i be 153 - (-2 + -2)/4. Suppose 0*v - 2*v - 3*m + 41 = 0, 0 = -4*v - 3*m + 85. What is the highest common divisor of i and v?
22
Suppose 2*s + 2832 = 4*f, -38*f + 34*f + 2836 = -4*s. What is the greatest common factor of 303 and f?
101
Let p be -7 - (-114)/(-12)*-2. Let o = 5 + 1. Suppose -4*u = -4*s + 32, -o = 2*s - 3*u - 18. Calculate the greatest common factor of p and s.
12
Suppose 5*y + 5*f - 145 = 0, 0 = 2*y - 4*y - 4*f + 56. Suppose -171 = -4*i + 9. Suppose 4*p - p = i. Calculate the highest common divisor of p and y.
15
Let n = 10 + -5. Suppose -2*u - 26 = -n*x, 0 = 2*u + u - 6. Suppose -3*a + 2*q - 78 = -95, 0 = -a - 2*q - 5. Calculate the greatest common divisor of a and x.
3
Let b be (33/(-5))/((-84)/560). Suppose 4 = 4*p, -4*p = -4*c - c + 51. Calculate the highest common factor of c and b.
11
Suppose 7*q - 3*q - 42 = -f, 5*q - 240 = -5*f. Suppose -3*b = -b - 4. Suppose b*a - a - 5 = 0. What is the highest common divisor of a and f?
5
Suppose -4 + 0 = w. Let d be -3 + (-2)/(w/62). What is the highest common factor of d and 84?
28
Let c be (2 - (-176 - -1)) + 3. Calculate the greatest common factor of 18 and c.
18
Let y = 25 - 11. Suppose 4*k - 57 = -5*b, -3*b + b - 5*k = -16. Let l = -6 + b. What is the highest common divisor of y and l?
7
Suppose 13*z + 15 = -84 + 541. Suppose -o - 5*g = -44, 6 = 2*g + 2. What is the greatest common divisor of o and z?
34
Let k be 1/(6/(-9))*-2. Let g be ((-18)/k)/3 - -146. Let i(h) = -h**3 - 6*h**2 - 6*h - 18. Let p be i(-6). Calculate the greatest common divisor of p and g.
18
Let z be (40/6 - 0)*117/78. What is the highest common divisor of 125 and z?
5
Let w = -57 - -71. Suppose -2*x + 16 = 3*s, -2*s - 2*s + 40 = 5*x. Let l = w - x. Calculate the greatest common divisor of 54 and l.
6
Suppose -22 + 26 = -4*n, -53 = -5*j + 3*n. Calculate the highest common divisor of j and 1600.
10
Let y be (-1)/3 + (-248)/12. Let b = 58 + y. What is the greatest common divisor of 333 and b?
37
Let d = 16 + -1. Suppose -5*q + 904 = -76. Let f = q + -121. What is the greatest common factor of d and f?
15
Let t be 74/(-14) + 5 - 131/7. Let u = 24 + t. Calculate the greatest common factor of 55 and u.
5
Suppose 2*h = -a + 168, -346 = -4*h + 4*a - a. What is the highest common divisor of 51 and h?
17
Suppose -65 = -5*w - 0*d - 5*d, 4*d = 5*w - 101. Let n = 51 - 17. Calculate the greatest common divisor of w and n.
17
Let h = -1393 + 1398. Calculate the greatest common divisor of 905 and h.
5
Let g = 195 + 189. What is the highest common factor of 48 and g?
48
Let j be -7 + ((-2)/(-18) - 4334/(-198)). Let a(g) = -g**3 - g + 30. Let x be a(0). Calculate the highest common factor of j and x.
15
Let y(k) = k**2 + 12*k + 22. Let i be y(0). What is the highest common divisor of i and 44?
22
Let h(t) = -t**3 - 2*t**2 - 4*t - 1. Let m(z) = -2*z + 9. Let w be m(6). Let i be h(w). Let y = 181 + -171. What is the highest common factor of i and y?
10
Let r = -3 + 16. Let x(m) = -m - 2. Let d be x(-2). Suppose d = 4*o + 3*l - 321, o = l + 104 - 29. Calculate the greatest common divisor of o and r.
13
Suppose -17*y + 33 = -6*y. Suppose s = -3*s + 2*o + 574, -2*s = -y*o - 289. Let f = 27 + -14. What is the highest common factor of s and f?
13
Let k = 10 + -1. Suppose -3*i = -2*b + 2 - 60, 4*i = -5*b - 168. Let l = -31 - b. Calculate the highest common factor of l and k.
1
Let k = 51 + -51. Suppose 5*n + 59 - 69 = k. What is the highest common factor of n and 4?
2
Suppose -5*g + 154 = 3*t, t - 5*t - 8 = 0. Suppose 2*a + 38 = 3*z, -2*a + 42 = z + 16. Calculate the greatest common divisor of z and g.
16
Suppose 34 = 12*c - 2. Calculate the greatest common factor of c and 16.
1
Let s(o) = -2*o**3 + 11*o**2 + 9*o - 25. Let c be s(5). Calculate the highest common divisor of 18 and c.
9
Suppose -5*u + 132 - 42 = -x, 2*u = -2*x + 48. Calculate the greatest common factor of 1007 and u.
19
Suppose -12*f = -1512 - 972. Calculate the greatest common factor of 46 and f.
23
Suppose -4*y = -61 + 45. Suppose 2*h - 5*h + 795 = y*p, 2*h - 3*p = 513. What is the greatest common divisor of h and 29?
29
Let i = 458 + -422. Calculate the highest common factor of i and 27.
9
Let o = 49 + 51. Calculate the greatest common factor of o and 4.
4
Suppose -106*s = -101*s - 310. Suppose -2*r - 128 = -5*m + 2*r, 0 = 2*m + 2*r - s. What is the highest common factor of m and 182?
14
Let x(p) = p**3 + 17*p**2 + 16*p + 24. Let h be x(-16). Let b(q) = -q + q**3 + h + 2*q - 19. Let j be b(0). Calculate the greatest common factor of 20 and j.
5
Let j be (-176)/3*(-21)/14. Calculate the greatest common divisor of j and 66.
22
Let y be 0/(-4) - 4/(-2). Suppose 3*i = y*i + 20. Suppose 0 = -w + i + 10. Calculate the greatest common factor of 6 and w.
6
Let u(m) = m**2 - 22*m - 65. Let q be u(-3). Let i = -42 + 92. What is the greatest common divisor of q and i?
10
Suppose -19*l + 17*l = -60. Let z = -10 + 20. Calculate the highest common divisor of z and l.
10
Suppose 220 = s - 5*i, 3*i + 0*i = -5*s + 1072. Calculate the greatest common divisor of s and 43.
43
Suppose -2*y - 14 = -4*o, -3*o - y + 6*y = -7. Let v = -48 - 0. Let m be (v/(-20))/(2/10). What is the greatest common factor of o and m?
4
Let o be (-22 - -1)/(248/(-120) + 2). Calculate the greatest common divisor of 90 and o.
45
Suppose 51 + 69 = 10*n. What is the greatest common factor of n and 120?
12
Let k(w) be the first derivative of w**3/3 - 5*w**2 - 3*w + 21. Let a be k(13). Calculate the greatest common divisor of 12 and a.
12
Suppose 2*o + 3*d - 167 = 0, 0 = 3*o + 2*d - 217 - 41. Let g be 290/40 - (-3)/4. What is the highest common divisor of g and o?
8
Let g = 364 + -318. Calculate the highest common divisor of 598 and g.
46
Suppose -139 = -7*v + 43. Calculate the highest common divisor of v and 377.
13
Suppose 0 = 2*p - 3*w + 8*w - 15, -2*p + 3*w + 7 = 0. Let s = -233 + 278. Calculate the greatest common factor of p and s.
5
Suppose -5*k - 2*x + 386 = 0, k - 80 = -0*k + x. Let u(r) = -9*r + 71. Let n be u(7). Let o = k - n. Calculate the highest common divisor of 14 and o.
14
Let k = 48 - -1. Let m(v) = 2*v + 32. Let l be m(-16). Let y be (196/112)/(l + 2/8). Calculate the highest common divisor of k and y.
7
Let g = -31 + 75. Calculate the highest common divisor of g and 11.
11
Let g = 36 - 14. Suppose 50 = 3*b - g. What is the greatest common factor of 12 and b?
12
Let u = -93 + 109. Suppose -w + u = -5. Calculate the greatest common divisor of w and 21.
21
Suppose -164 = -2*q - 4*i, -3*i = 4*q - 0*i - 308. What is the highest common divisor of 1998 and q?
74
Let q(c) = -c**3 - 3*c**2 + c + 1. Let s be q(-4). Suppose 10 = p - j - 3*j, -2*p + s = -j. Calculate the greatest common factor of 9 and p.
3
Let f(q) = -q**3 - 30*q**2 - 30*q - 29. Let a be f(-29). Suppose v - 12 = -a*v. What is the highest common divisor of v and 108?
12
Let a be (174/(-30) - (2 - 7))*-10. Calculate the highest common factor of 1096 and a.
8
Suppose -3*f - 5*o + 315 = 0, -2*o = 3*f - 128 - 178. What is the greatest common factor of 160 and f?
20
Let j(n) = -7*n + 1. Let l(d) = -10*d + 1. Let b(g) = 7*j(g) - 5*l(g). Let i = -231 - -231. Let f be b(i). What is the highest common divisor of f and 16?
2
Let j be (172 - -127) + 2/(1/(-1)). Calculate the highest common divisor of 165 and j.
33
Let h(d) = d - 10. Let x be h(13). Suppose -x*q = r - q - 12, -4*r + 60 = 2*q. Suppose -12*s + 80 = -7*s. Calculate the highest 